et b = d + -13. What is the highest common divisor of b and 72?
12
Let m = -90 + 110. What is the highest common factor of 25 and m?
5
Suppose -3*u + 6*u - 3 = 0. Let p(k) = -k**2 + 1. Let o be p(u). Suppose o = s - 129 + 25. Calculate the greatest common factor of s and 13.
13
Suppose -9*t + 19 = -53. Calculate the greatest common divisor of t and 12.
4
Suppose 905 - 311 = 3*d. Calculate the highest common divisor of d and 22.
22
Let a = 6 - 4. Let s(w) = w**2 + 8*w + 5. Let z be s(-8). Suppose -z*i = -4 - 21. What is the greatest common factor of a and i?
1
Let w(c) = c**2 - c - 3. Let d be w(3). Let g = d + 0. Suppose -9 = -a - 0*a. Calculate the highest common factor of a and g.
3
Let n = -8 - -5. Let t = -1 - n. Suppose 5*x = -3*q + 33, x + t*q - 26 = -3*x. What is the greatest common divisor of x and 15?
3
Suppose 21 = 2*b - f, -f = 3*b + b - 33. Suppose -8 - 6 = 2*z. Let d be 0/(-1) + (2 - z). What is the greatest common factor of d and b?
9
Suppose 2*a + m = 39, 5*a - 4*a - 2 = 3*m. What is the highest common divisor of a and 34?
17
Let w = -12 + 13. What is the greatest common factor of 4 and w?
1
Let q(g) = 9*g + 17. Let s be q(7). Calculate the highest common factor of 10 and s.
10
Let s(i) = 26*i. Let u be s(2). Suppose 3*p - 12 = -2*x, 2*p - u = -4*x + 3*p. Calculate the highest common factor of 12 and x.
12
Let o(z) = 4*z**2 - 1. Let y be o(1). Let x = 2 + y. Calculate the greatest common factor of x and 45.
5
Let a = 38 - -42. What is the greatest common divisor of 10 and a?
10
Suppose -120 = -4*d - 2*m, -5*d - 4*m + 122 + 22 = 0. Calculate the greatest common factor of d and 8.
8
Let h be (58/(-10) - 1)*(-355)/142. Calculate the greatest common factor of h and 136.
17
Let g = 68 + -47. Let j be 7*(102/g - 4). What is the greatest common divisor of 1 and j?
1
Let f(u) = -u**3 + 2*u**2 + 6*u - 3. Let w be f(5). Let h be (320/w)/((-2)/3). What is the greatest common divisor of h and 10?
10
Let n be 1 + -3 + 3 - -7. Suppose 4*l - 68 = -x, -3*x + 225 = 8*l - 3*l. Calculate the greatest common factor of x and n.
8
Let z(l) = -3*l**3 - 2*l**2 - 2*l. Let u be -2 + (4 - 2) + -2. Let g be z(u). What is the highest common divisor of g and 20?
20
Suppose 0 = -5*l - x + 25, -3*x + 13 = 2*l - 2*x. Suppose l*i = 48 + 28. Suppose -3*v + 17 = -i. What is the highest common divisor of 18 and v?
6
Let r be (84/(-5))/(2/(-5)). Calculate the highest common divisor of r and 6.
6
Let p(t) = -2*t - 9. Let y be p(-13). Calculate the highest common divisor of y and 136.
17
Let c(g) = -2*g - 3. Let v be (2/1)/(4/(-6)). Let h be c(v). Suppose 2*t + 16 = 3*y - 0*t, 0 = -y - h*t - 13. Calculate the highest common divisor of 18 and y.
2
Suppose -q = 2*q. Suppose q = -m - 84 + 209. Calculate the greatest common divisor of m and 50.
25
Let f = 5 - -3. Suppose 0 = 5*t - 5*o - 15, t = -3*o - 1 - 0. Suppose -138 = -t*y - 26. Calculate the greatest common factor of y and f.
8
Suppose -2*f + 12 = -12. Suppose -6*a + f = -3*a. Suppose 0 = 4*m - 7 - 25. Calculate the greatest common divisor of a and m.
4
Let v(o) = -o**3 + 9*o**2 + 11*o - 2. Let k be v(10). What is the highest common divisor of k and 1?
1
Suppose 5*n + 3 = 4*n. Let q be (-24)/(-9) - (-2)/n. Calculate the greatest common factor of q and 6.
2
Let o(t) = 9*t - 17. Let p be o(8). What is the highest common divisor of p and 11?
11
Let y = -15 - -29. Suppose 0*o + y = o. What is the greatest common factor of o and 21?
7
Let w = 34 - -31. What is the greatest common divisor of w and 13?
13
Let a = -6 + 10. Suppose 5*r = a*r + 6. Let i be ((-8)/r)/((-4)/42). What is the highest common factor of 56 and i?
14
Let c(y) = -2 + 1 - 8*y + 4 + y**2 + y. Let i be c(7). Suppose 235 = 2*p - i*o + 88, -o - 299 = -4*p. Calculate the greatest common divisor of p and 30.
15
Let c(d) = -23*d + 4. Let b be c(-5). What is the highest common divisor of 17 and b?
17
Let g(u) = 2*u**3 - 10*u**2 - 2*u - 2. Suppose -33 = -3*y + 3*o, 3*o - 6*o = -y + 19. Let z be g(y). Calculate the highest common factor of 20 and z.
20
Let i(f) = f + 12. Let l be ((-24)/10)/(3/15). Let s be i(l). Suppose -q + 5 + 9 = s. What is the greatest common factor of q and 70?
14
Let k be 1/4*2*10. Suppose 3*b + b = -h - 26, k*b = h - 28. Let w be (-28)/(-3) - b/9. Calculate the highest common factor of 80 and w.
10
Let x be 1 - (0 + 0 + 2). Suppose 5*m + i + 20 = -47, 5*i = -3*m - 27. Let z = x - m. What is the highest common divisor of 104 and z?
13
Let m be 89/13 - (-4)/26. Suppose 0 = -5*s + 42 - m. What is the highest common divisor of 49 and s?
7
Let q be (13/(-3))/(6/972). Let w be q/(-8) - 5/(-20). What is the highest common factor of w and 11?
11
Suppose -3*s + 48 = z, -z + s = -0*z - 32. Calculate the highest common divisor of 72 and z.
36
Suppose -5*n = 5, 6*n = -3*y + n - 692. Let w = -115 - y. Let v be w/9 + (-2)/3. What is the greatest common divisor of v and 60?
12
Let v(o) = -18*o + 1. Let h(i) = i + 6. Let c be h(-5). Let z be v(c). Let s = z - -34. Calculate the greatest common factor of 102 and s.
17
Let p be (-6 + 5)*(-8)/1. Suppose 4*w - 3 = w. Let k(o) = 71*o**3 + 2*o**2 - 1. Let a be k(w). What is the highest common divisor of p and a?
8
Let c = -3 + 3. Suppose 5*a - 7 + 2 = c. What is the highest common divisor of 3 and a?
1
Let f be 32 - 5 - (0 + 3). Suppose -2*t = -7 - 185. Calculate the highest common divisor of t and f.
24
Suppose -7 - 2 = -3*f. Calculate the highest common factor of 24 and f.
3
Let s(i) = -i**3 + 8*i**2 - 6*i - 6. Suppose -v - 4*v = -25. Let f be s(v). What is the greatest common divisor of f and 13?
13
Let j(v) = -2*v**2 + 24*v + 12. Let k be j(11). What is the greatest common factor of 34 and k?
34
Suppose -3*x + 3 + 15 = 0. Suppose 2*w - x = -0*w. Let h be 47/w - 2/(-6). What is the highest common divisor of 112 and h?
16
Suppose 13 + 17 = 6*o. Calculate the greatest common divisor of 25 and o.
5
Suppose -m = 2 + 3, 0 = 2*i + 4*m + 16. Suppose -u + i*q + 13 + 21 = 0, -127 = -4*u + 5*q. Calculate the highest common factor of u and 140.
28
Let u be -1*2/((-2)/19). Let k = 57 + -19. What is the highest common factor of u and k?
19
Let o = -41 + 77. Suppose 6*z - 2*z = o. What is the highest common factor of z and 72?
9
Suppose k - 52 = -3*k. Suppose -5*a + 23 = 3. Suppose -y - a + k = 0. What is the greatest common divisor of 63 and y?
9
Suppose 0 = 3*l + 9, -18 - 17 = -5*b + 5*l. Let n(q) = -q**3 + 6*q**2 - 2*q - 1. Let d be n(b). What is the greatest common factor of 46 and d?
23
Let x be -15 + 13 + 0 + 8. Calculate the greatest common divisor of x and 6.
6
Let l(t) = -t - 4. Let o(n) = -4*n - 20. Let m(r) = 11*l(r) - 2*o(r). Let s be m(-7). Calculate the highest common factor of 153 and s.
17
Let z = 29 - 12. What is the highest common factor of 68 and z?
17
Let a be ((-3)/(-6))/(2/6)*12. What is the greatest common divisor of a and 198?
18
Let d = 10 + -3. Suppose -4*u - d*s = -4*s - 4, 2*u - 2*s - 16 = 0. What is the highest common divisor of 2 and u?
2
Let x(a) = 10*a - 186. Let y be x(25). Suppose 0 = -m - 2*m + 480. Calculate the greatest common divisor of y and m.
32
Let f be 8*-1*(3 + 1)/(-4). What is the greatest common divisor of f and 8?
8
Let o = -103 + 187. Let r be 12/5*1*5. Calculate the greatest common factor of o and r.
12
Let y = 5 - 3. Let v(z) = -y*z**2 + z**2 + 12 - 6. Let p be v(0). What is the greatest common divisor of p and 30?
6
Suppose 0 = 3*b - 0*b. Let t be b + 2*107 + -2. Let r = t - 140. What is the highest common factor of 8 and r?
8
Let g(c) = -c**3 + 7*c**2 - 10. Let z be g(7). Let p = -2 - z. What is the highest common factor of 88 and p?
8
Suppose 2*x + 3*m + 5 = 0, -2*x + 5*x - 2*m - 25 = 0. Suppose -23 - 17 = -x*a. Calculate the highest common divisor of a and 24.
8
Suppose -2*x - 12 = -4*p, 0 = -2*p - 2*x + 5*x + 6. Suppose 3*y - 2*h = 20, 2*h + p = -y + 7. What is the highest common factor of 48 and y?
6
Let l be 168/(-36)*(-15)/2. Calculate the greatest common divisor of l and 20.
5
Let t(m) = 43*m**2 - 2*m + 2. Let o be t(-3). Suppose 2*x = -4*h + 252, -3*x + o = 3*h + 17. Calculate the highest common divisor of 14 and x.
14
Let i = 9 - 9. Let l(t) = -t**2 + 2*t + 14. Let q be l(i). Calculate the highest common divisor of 21 and q.
7
Suppose -3*i + 4*h + 2 = -15,